3, what is 257 + -36a?
-113
In base 12, what is -6892 + 1?
-6891
In base 9, what is -5 + -43726?
-43732
In base 7, what is -4533 + 362?
-4141
In base 12, what is 4a9 + -2b?
47a
In base 5, what is -2 - 32404042?
-32404044
In base 6, what is 4 - 2440025?
-2440021
In base 4, what is 22023223 + -10?
22023213
In base 13, what is 1b + 1c5?
213
In base 7, what is 201115 + -2?
201113
In base 5, what is -130 - -10020?
4340
In base 7, what is -1106643 + 0?
-1106643
In base 3, what is -1010121 - -2000?
-1001121
In base 13, what is -1bc51 + -26?
-1bc77
In base 3, what is 2 - -1002000211?
1002000220
In base 3, what is -122 - 122021020?
-122021212
In base 10, what is -518203 + 5?
-518198
In base 10, what is -4 + 67885?
67881
In base 14, what is 133a - 28?
1312
In base 9, what is 13 - -25421?
25434
In base 3, what is 102111010 - 1?
102111002
In base 14, what is -10 + -1990?
-19a0
In base 6, what is -4 - -1121420?
1121412
In base 7, what is 3610536 - 4?
3610532
In base 13, what is 412 - a?
405
In base 2, what is 0 - -1001000101100100111?
1001000101100100111
In base 4, what is -21 - -2110221?
2110200
In base 6, what is 123 + -1413?
-1250
In base 3, what is 12 - 11000122?
-11000110
In base 8, what is -573 + 3633?
3040
In base 10, what is 3 - -103556?
103559
In base 7, what is 4 + 110112?
110116
In base 3, what is 2210010111 + 10?
2210010121
In base 10, what is -5 + -72206?
-72211
In base 15, what is -1570 - -4?
-156b
In base 4, what is -2303 + 100310?
32001
In base 14, what is b29 - -16?
b41
In base 16, what is -4 - 475?
-479
In base 9, what is 1 + -21632?
-21631
In base 14, what is 0 + -108d7?
-108d7
In base 12, what is 2a8 - 2825?
-2539
In base 10, what is -81678 - -1?
-81677
In base 10, what is 0 - 64000?
-64000
In base 2, what is -11010 + 11101001001010?
11101000110000
In base 3, what is 20112002210 + -2?
20112002201
In base 16, what is 1 - -11825?
11826
In base 2, what is 11 + -110101000101?
-110101000010
In base 6, what is -5 + -230031?
-230040
In base 13, what is 1 - 300?
-2cc
In base 4, what is -11 - 30312112?
-30312123
In base 4, what is 22 - 22013323?
-22013301
In base 10, what is 4 + -913?
-909
In base 6, what is -13 + 2443502?
2443445
In base 11, what is -110 + -8a34?
-9044
In base 16, what is -1191 - 15?
-11a6
In base 2, what is -101110 + 111001100000100?
111001011010110
In base 6, what is -134 + 2214?
2040
In base 12, what is -904 + 27?
-899
In base 6, what is -30 + 1124123?
1124053
In base 3, what is 21 - -1021112?
1021210
In base 16, what is 3d47 - -2?
3d49
In base 12, what is -22a - -224?
-6
In base 8, what is -62 + 40?
-22
In base 14, what is 5 - 3b17?
-3b12
In base 2, what is 100 + -11100101011111001?
-11100101011110101
In base 16, what is 24b0 - -60?
2510
In base 6, what is 232020 - 5?
232011
In base 14, what is 25 + -115?
-d0
In base 12, what is -364a - -2?
-3648
In base 13, what is -6908b - -5?
-69086
In base 15, what is 5b356 + 4?
5b35a
In base 14, what is 17ca2 - 2?
17ca0
In base 6, what is 145020 - -15?
145035
In base 8, what is 77430 + -4?
77424
In base 15, what is 155a - 5?
1555
In base 2, what is -1111 + 11000110101000?
11000110011001
In base 14, what is -17c - -2107?
1d69
In base 9, what is 5 - -220730?
220735
In base 2, what is 1010111101101010 - 101?
1010111101100101
In base 13, what is -5 - 5c43?
-5c48
In base 5, what is -1 - 1004320?
-1004321
In base 11, what is 6 + -6482?
-6477
In base 14, what is -4 - -1b801?
1b7db
In base 16, what is -5 + 2486e?
24869
In base 9, what is -1468 + 587?
-771
In base 2, what is 10000011 - 11101010101?
-11011010010
In base 11, what is -789678 - 2?
-78967a
In base 9, what is -112 - -22135?
22023
In base 12, what is 760 + -76a?
-a
In base 2, what is -11 + 110000110001010?
110000110000111
In base 13, what is -4b2 + 35?
-47a
In base 13, what is -36 + 29bb?
2985
In base 4, what is -20 - 210302112?
-210302132
In base 5, what is 42003130 + 1?
42003131
In base 13, what is -1 + 3156a8?
3156a7
In base 15, what is 245c1 - 45?
2457b
In base 5, what is -124030 + -10?
-124040
In base 10, what is -627095 + -3?
-627098
In base 9, what is -171 - -1661?
1480
In base 14, what is 4c963 + 0?
4c963
In base 16, what is 1ac1 + -1d?
1aa4
In base 16, what is d3f - -68?
da7
In base 9, what is 1 + -624442?
-624441
In base 12, what is a1 + -3aa?
-309
In base 15, what is a285 + -5?
a280
In base 8, what is -4 - 1550210?
-1550214
In base 4, what is -112111 - 3212?
-121323
In base 7, what is -13 - -233654?
233641
In base 12, what is -88 + 1077?
bab
In base 3, what is 12212020 + 211020?
20200110
In base 8, what is -1721711 - 3?
-1721714
In base 11, what is -1a8 + -18793?
-18990
In base 3, what is 211102 - -11020?
222122
In base 9, what is 3468403 - -4?
3468407
In base 13, what is b36 + -85?
a81
In base 9, what is -1 - -224374?
224373
In base 15, what is -2779d + 0?
-2779d
In base 6, what is 0 + -1315220?
-1315220
In base 15, what is 5 - -1590?
1595
In base 13, what is 4 - 37227?
-37223
In base 6, what is -24304 - 103?
-24411
In base 4, what is -1223103 - 13?
-1223122
In base 4, what is 11111232100 - 0?
11111232100
In base 12, what is -a - 1659?
-1667
In base 2, what is 1101001 - -10110101100?
11000010101
In base 2, what is 100 + 10001000100011110001?
10001000100011110101
In base 14, what is -3 + -182db9?
-182dbc
In base 2, what is 11000110011000 - -110001?
11000111001001
In base 4, what is -103213 + 300?
-102313
In base 15, what is 26 - 4ce4?
-4cbd
In base 11, what is -647 - -66?
-591
In base 10, what is -28217 + -4?
-28221
In base 15, what is 5 + -8e0ad?
-8e0a8
In base 3, what is 1202022220 - -10?
1202100000
In base 2, what is 11111110100 + 1010011?
100001000111
In base 8, what is -6477 - -202?
-6275
In base 13, what is -37023 - 1?
-37024
In base 9, what is -3 + -73756?
-73760
In base 13, what is -1061 + -234?
-1295
In base 9, what is 1 - -12228?
12230
In base 15, what is -2c - -559?
52c
In base 8, what is 12544 - 37?
12505
In base 14, what is -2 + 307a7?
307a5
In base 11, what is 5 + -3a59?
-3a54
In base 13, what is 1a35 + 53?
1a88
In base 4, what is 132131 - -133022?
331213
In base 4, what is 0 + -100113203?
-100113203
In base 7, what is 3424464 - -12?
3424506
In base 12, what is -5 - -1542?
1539
In base 9, what is 45 + -16320?
-16264
In base 15, what is -88 - 75b?
-7e4
In base 4, what is -12303113330 - -11?
-12303113313
In base 6, what is -120 + 353?
233
In base 11, what is -236a41 - 2?
-236a43
In base 5, what is 2 + -200121444?
-200121442
In base 3, what is -1021110221 + -12?
-1021111010
In base 3, what is 11 + 2120001?
2120012
In base 13, what is 6381 + -63?
631b
In base 11, what is -43a - -67?
-383
In base 2, what is -10011001101 - -11001?
-10010110100
In base 16, what is 2054 + -90?
1fc4
In base 6, what is -3454033 - 2?
-3454035
In base 15, what is 970 - -1a0?
b20
In base 6, what is 5155 - -23?
5222
In base 7, what is 36 + 415525?
415564
In base 2, what is 101111001011001 + 1010001?
101111010101010
In base 13, what is -7 - 103c?
-1046
In base 2, what is -10101101 - -101010110?
10101001
In base 3, what is 102110 - -2011212?
2121022
In base 6, what is -2 + -323545?
-323551
In base 11, what is -5 + 4986?
4981
In base 3, what is -11 - -2220120110?
2220120022
In base 16, what is -b7 + a0?
-17
In base 10, what is -2 - -232856?
232854
In base 13, what is -274c9 - 7?
-27503
In base 11, what is -11 + -36a5?
-3706
In base 4, what is -1313 + 112023?
110110
In base 11, what is 55279 - -6?
55284
In base 2, what is -1010101010111000 + 1001?
-1010101010101111
In base 12, what is 30701 - -4?
30705
In base 3, what is 11 - 1002121102?
-1002121021
In base 8, what is -4247763 + -2?
-4247765
In base 9, what is 5555 - 47?
5507
In base 12, what is 1674a21 - -4?
1674a25
In base 2, what is 1010010010010 + -101?
1010010001101
In base 4, what is -313 + -120213?
-121132
In base 4, what is 111032 - -11?
111103
In base 2, what is 10111 + -11100101000010?
-11100100101011
In base 15, what is 7d4 + -4?
7d0
In base 5, what is -131232044 - -2?
-131232042
In base 3, what is -1100 - 100011110?
-100012210
In base 13, what is -5 - 4c10?
-4c15
In base 16, what is -4 + -f0f4?
-f0f8
In base 15, what is -3092 - 2?
-3094
In base 13, what is 1b3 + 159a?
1780
In base 7, what is -56155 + 25?
-56130
In base 13, what is -1c7 + -a1?
-298
In base 13, what is 7 + 633?
6